{"id":146,"date":"2023-01-29T16:04:53","date_gmt":"2023-01-29T16:04:53","guid":{"rendered":"http:\/\/gator4052.temp.domains\/~minavyko\/vykort\/?page_id=146"},"modified":"2023-02-03T10:19:05","modified_gmt":"2023-02-03T10:19:05","slug":"uppdaterat","status":"publish","type":"page","link":"https:\/\/minavykort.com\/vykort\/uppdaterat\/","title":{"rendered":"Uppdaterat"},"content":{"rendered":"<p>H\u00e4r \u00e4r de 50 senaste bilderna som \u00e4r uppladdade.<\/p>\nngg_shortcode_0_placeholder\n","protected":false},"excerpt":{"rendered":"<p>H\u00e4r \u00e4r de 50 senaste bilderna som \u00e4r uppladdade.<\/p>\n","protected":false},"author":1,"featured_media":0,"parent":0,"menu_order":0,"comment_status":"closed","ping_status":"closed","template":"","meta":{"wikipediapreview_detectlinks":true,"site-container-style":"default","site-container-layout":"default","site-sidebar-layout":"default","site-transparent-header":"default","disable-article-header":"default","disable-site-header":"default","disable-site-footer":"default","disable-content-area-spacing":"default","ngg_post_thumbnail":0,"footnotes":""},"folder":[],"class_list":["post-146","page","type-page","status-publish","hentry"],"_links":{"self":[{"href":"https:\/\/minavykort.com\/vykort\/wp-json\/wp\/v2\/pages\/146","targetHints":{"allow":["GET"]}}],"collection":[{"href":"https:\/\/minavykort.com\/vykort\/wp-json\/wp\/v2\/pages"}],"about":[{"href":"https:\/\/minavykort.com\/vykort\/wp-json\/wp\/v2\/types\/page"}],"author":[{"embeddable":true,"href":"https:\/\/minavykort.com\/vykort\/wp-json\/wp\/v2\/users\/1"}],"replies":[{"embeddable":true,"href":"https:\/\/minavykort.com\/vykort\/wp-json\/wp\/v2\/comments?post=146"}],"version-history":[{"count":8,"href":"https:\/\/minavykort.com\/vykort\/wp-json\/wp\/v2\/pages\/146\/revisions"}],"predecessor-version":[{"id":761,"href":"https:\/\/minavykort.com\/vykort\/wp-json\/wp\/v2\/pages\/146\/revisions\/761"}],"wp:attachment":[{"href":"https:\/\/minavykort.com\/vykort\/wp-json\/wp\/v2\/media?parent=146"}],"wp:term":[{"taxonomy":"folder","embeddable":true,"href":"https:\/\/minavykort.com\/vykort\/wp-json\/wp\/v2\/folder?post=146"}],"curies":[{"name":"wp","href":"https:\/\/api.w.org\/{rel}","templated":true}]}}