{"id":10828,"date":"2025-04-30T22:21:44","date_gmt":"2025-04-30T22:21:44","guid":{"rendered":"https:\/\/minavykort.com\/vykort\/?page_id=10828"},"modified":"2025-05-10T21:15:52","modified_gmt":"2025-05-10T21:15:52","slug":"h-strand-al-hallingdal","status":"publish","type":"page","link":"https:\/\/minavykort.com\/vykort\/referensmaterial\/h-strand-al-hallingdal\/","title":{"rendered":"H. Strand, \u00c5l, Hallingdal"},"content":{"rendered":"<p style=\"text-align: center;\"><a href=\"https:\/\/minavykort.com\/vykort\/wp-content\/uploads\/2025\/04\/strand-logo-1.jpg\"><img loading=\"lazy\" decoding=\"async\" class=\"alignnone size-full wp-image-10821\" src=\"https:\/\/minavykort.com\/vykort\/wp-content\/uploads\/2025\/04\/strand-logo-1.jpg\" alt=\"\" width=\"91\" height=\"30\"><\/a><\/p>\n\n<table id=\"tablepress-27\" class=\"tablepress tablepress-id-27\">\n<thead>\n<tr class=\"row-1\">\n\t<th class=\"column-1\"><strong>Nummer<\/strong><\/th><th class=\"column-2\"><strong>Motiv<\/strong><\/th><th class=\"column-3\"><strong>Bild<\/strong><\/th><th class=\"column-4\"><strong>Kommentar<\/strong><\/th><th class=\"column-5\"><strong>Annat F\u00f6rlag<\/strong><\/th>\n<\/tr>\n<\/thead>\n<tbody class=\"row-striping row-hover\">\n<tr class=\"row-2\">\n\t<td class=\"column-1\">A 13 (6254)<\/td><td class=\"column-2\">Skiheisene, Totten, Hemsedal.<\/td><td class=\"column-3\"><a href=\"https:\/\/minavykort.com\/vykort\/wp-content\/uploads\/2025\/05\/strand-a-13-6254.jpg\"><img loading=\"lazy\" decoding=\"async\" src=\"https:\/\/minavykort.com\/vykort\/wp-content\/uploads\/2025\/05\/strand-a-13-6254-300x213.jpg\" alt=\"\" width=\"300\" height=\"213\" class=\"alignnone size-medium wp-image-11440\" srcset=\"https:\/\/minavykort.com\/vykort\/wp-content\/uploads\/2025\/05\/strand-a-13-6254-300x213.jpg 300w, https:\/\/minavykort.com\/vykort\/wp-content\/uploads\/2025\/05\/strand-a-13-6254-1024x728.jpg 1024w, https:\/\/minavykort.com\/vykort\/wp-content\/uploads\/2025\/05\/strand-a-13-6254-768x546.jpg 768w, https:\/\/minavykort.com\/vykort\/wp-content\/uploads\/2025\/05\/strand-a-13-6254.jpg 1162w\" sizes=\"auto, (max-width: 300px) 100vw, 300px\" \/><\/a><\/td><td class=\"column-4\"><\/td><td class=\"column-5\"><\/td>\n<\/tr>\n<tr class=\"row-3\">\n\t<td class=\"column-1\">B-32 (3575)<\/td><td class=\"column-2\">Bergsjo Hoyfjellshotell<\/td><td class=\"column-3\"><a href=\"https:\/\/minavykort.com\/vykort\/wp-content\/uploads\/2025\/04\/strand-b-32-5769.jpg\"><img loading=\"lazy\" decoding=\"async\" src=\"https:\/\/minavykort.com\/vykort\/wp-content\/uploads\/2025\/04\/strand-b-32-5769-300x211.jpg\" alt=\"\" width=\"300\" height=\"211\" class=\"alignnone size-medium wp-image-10823\" srcset=\"https:\/\/minavykort.com\/vykort\/wp-content\/uploads\/2025\/04\/strand-b-32-5769-300x211.jpg 300w, https:\/\/minavykort.com\/vykort\/wp-content\/uploads\/2025\/04\/strand-b-32-5769-1024x721.jpg 1024w, https:\/\/minavykort.com\/vykort\/wp-content\/uploads\/2025\/04\/strand-b-32-5769-768x540.jpg 768w, https:\/\/minavykort.com\/vykort\/wp-content\/uploads\/2025\/04\/strand-b-32-5769.jpg 1154w\" sizes=\"auto, (max-width: 300px) 100vw, 300px\" \/><\/a><\/td><td class=\"column-4\"><\/td><td class=\"column-5\"><\/td>\n<\/tr>\n<tr class=\"row-4\">\n\t<td class=\"column-1\">B-65 (4770)<\/td><td class=\"column-2\">Bergsjo Hoyfjellshotell mot Reineskarvet.<\/td><td class=\"column-3\"><a href=\"https:\/\/minavykort.com\/vykort\/wp-content\/uploads\/2025\/04\/strand-b-65-4770.jpg\"><img loading=\"lazy\" decoding=\"async\" src=\"https:\/\/minavykort.com\/vykort\/wp-content\/uploads\/2025\/04\/strand-b-65-4770-300x216.jpg\" alt=\"\" width=\"300\" height=\"216\" class=\"alignnone size-medium wp-image-10824\" srcset=\"https:\/\/minavykort.com\/vykort\/wp-content\/uploads\/2025\/04\/strand-b-65-4770-300x216.jpg 300w, https:\/\/minavykort.com\/vykort\/wp-content\/uploads\/2025\/04\/strand-b-65-4770-1024x736.jpg 1024w, https:\/\/minavykort.com\/vykort\/wp-content\/uploads\/2025\/04\/strand-b-65-4770-768x552.jpg 768w, https:\/\/minavykort.com\/vykort\/wp-content\/uploads\/2025\/04\/strand-b-65-4770.jpg 1146w\" sizes=\"auto, (max-width: 300px) 100vw, 300px\" \/><\/a><\/td><td class=\"column-4\"><\/td><td class=\"column-5\"><\/td>\n<\/tr>\n<tr class=\"row-5\">\n\t<td class=\"column-1\">M-1 (3775)<\/td><td class=\"column-2\">Bergsjo Hoyfjellshotell mot Reineskarvet.<\/td><td class=\"column-3\"><a href=\"https:\/\/minavykort.com\/vykort\/wp-content\/uploads\/2025\/04\/strand-m-1-3775.jpg\"><img loading=\"lazy\" decoding=\"async\" src=\"https:\/\/minavykort.com\/vykort\/wp-content\/uploads\/2025\/04\/strand-m-1-3775-300x212.jpg\" alt=\"\" width=\"300\" height=\"212\" class=\"alignnone size-medium wp-image-10822\" srcset=\"https:\/\/minavykort.com\/vykort\/wp-content\/uploads\/2025\/04\/strand-m-1-3775-300x212.jpg 300w, https:\/\/minavykort.com\/vykort\/wp-content\/uploads\/2025\/04\/strand-m-1-3775-1024x724.jpg 1024w, https:\/\/minavykort.com\/vykort\/wp-content\/uploads\/2025\/04\/strand-m-1-3775-768x543.jpg 768w, https:\/\/minavykort.com\/vykort\/wp-content\/uploads\/2025\/04\/strand-m-1-3775.jpg 1152w\" sizes=\"auto, (max-width: 300px) 100vw, 300px\" \/><\/a><\/td><td class=\"column-4\"><\/td><td class=\"column-5\"><\/td>\n<\/tr>\n<tr class=\"row-6\">\n\t<td class=\"column-1\">R-4 (20074)<\/td><td class=\"column-2\">\u00c5l, Utstillinga, Multiview.<\/td><td class=\"column-3\"><a href=\"https:\/\/minavykort.com\/vykort\/wp-content\/uploads\/2025\/05\/strand-r-4-3570-20074.jpg\"><img loading=\"lazy\" decoding=\"async\" src=\"https:\/\/minavykort.com\/vykort\/wp-content\/uploads\/2025\/05\/strand-r-4-3570-20074-209x300.jpg\" alt=\"\" width=\"209\" height=\"300\" class=\"alignnone size-medium wp-image-11439\" srcset=\"https:\/\/minavykort.com\/vykort\/wp-content\/uploads\/2025\/05\/strand-r-4-3570-20074-209x300.jpg 209w, https:\/\/minavykort.com\/vykort\/wp-content\/uploads\/2025\/05\/strand-r-4-3570-20074-713x1024.jpg 713w, https:\/\/minavykort.com\/vykort\/wp-content\/uploads\/2025\/05\/strand-r-4-3570-20074-768x1104.jpg 768w, https:\/\/minavykort.com\/vykort\/wp-content\/uploads\/2025\/05\/strand-r-4-3570-20074.jpg 808w\" sizes=\"auto, (max-width: 209px) 100vw, 209px\" \/><\/a><\/td><td class=\"column-4\"><\/td><td class=\"column-5\"><\/td>\n<\/tr>\n<\/tbody>\n<\/table>\n<!-- #tablepress-27 from cache -->\n<p><span class=\"relative -mx-px my-[-0.2rem] rounded px-px py-[0.2rem] transition-colors duration-100 ease-in-out\">H. Strand var ett vykortsf\u00f6rlag baserat i \u00c5l, en by i Hallingdal, Norge.<\/span> <span class=\"relative -mx-px my-[-0.2rem] rounded px-px py-[0.2rem] transition-colors duration-100 ease-in-out\">F\u00f6rlaget var aktivt under f\u00f6rsta h\u00e4lften av 1900-talet och specialiserade sig p\u00e5 att producera och distribuera vykort med motiv fr\u00e5n Hallingdal och omkringliggande omr\u00e5den.<\/span> <span class=\"relative -mx-px my-[-0.2rem] rounded px-px py-[0.2rem] transition-colors duration-100 ease-in-out\">Dessa vykort var popul\u00e4ra bland b\u00e5de turister och lokalbefolkning, och de dokumenterade landskap, byggnader och vardagsliv i regionen.<\/span><\/p>\n","protected":false},"excerpt":{"rendered":"<p>H. Strand var ett vykortsf\u00f6rlag baserat i \u00c5l, en by i Hallingdal, Norge. F\u00f6rlaget var aktivt under f\u00f6rsta h\u00e4lften av 1900-talet och specialiserade sig p\u00e5 att producera och distribuera vykort med motiv fr\u00e5n Hallingdal och omkringliggande omr\u00e5den. Dessa vykort var popul\u00e4ra bland b\u00e5de turister och lokalbefolkning, och de dokumenterade landskap, byggnader och vardagsliv i regionen.<\/p>\n","protected":false},"author":1,"featured_media":0,"parent":9088,"menu_order":0,"comment_status":"closed","ping_status":"closed","template":"","meta":{"wikipediapreview_detectlinks":true,"site-container-style":"default","site-container-layout":"default","site-sidebar-layout":"default","site-transparent-header":"default","disable-article-header":"default","disable-site-header":"default","disable-site-footer":"default","disable-content-area-spacing":"default","ngg_post_thumbnail":0,"footnotes":""},"folder":[],"class_list":["post-10828","page","type-page","status-publish","hentry"],"_links":{"self":[{"href":"https:\/\/minavykort.com\/vykort\/wp-json\/wp\/v2\/pages\/10828","targetHints":{"allow":["GET"]}}],"collection":[{"href":"https:\/\/minavykort.com\/vykort\/wp-json\/wp\/v2\/pages"}],"about":[{"href":"https:\/\/minavykort.com\/vykort\/wp-json\/wp\/v2\/types\/page"}],"author":[{"embeddable":true,"href":"https:\/\/minavykort.com\/vykort\/wp-json\/wp\/v2\/users\/1"}],"replies":[{"embeddable":true,"href":"https:\/\/minavykort.com\/vykort\/wp-json\/wp\/v2\/comments?post=10828"}],"version-history":[{"count":3,"href":"https:\/\/minavykort.com\/vykort\/wp-json\/wp\/v2\/pages\/10828\/revisions"}],"predecessor-version":[{"id":11188,"href":"https:\/\/minavykort.com\/vykort\/wp-json\/wp\/v2\/pages\/10828\/revisions\/11188"}],"up":[{"embeddable":true,"href":"https:\/\/minavykort.com\/vykort\/wp-json\/wp\/v2\/pages\/9088"}],"wp:attachment":[{"href":"https:\/\/minavykort.com\/vykort\/wp-json\/wp\/v2\/media?parent=10828"}],"wp:term":[{"taxonomy":"folder","embeddable":true,"href":"https:\/\/minavykort.com\/vykort\/wp-json\/wp\/v2\/folder?post=10828"}],"curies":[{"name":"wp","href":"https:\/\/api.w.org\/{rel}","templated":true}]}}